(g) = 2052*g + 94441. Determine l(-46).
49
Let r(g) = -12*g**2 + 36*g + 4077. What is r(20)?
-3
Let h(r) = r**2 - 794*r + 7842. Give h(10).
2
Let y(r) = -14741*r + 73782. Give y(5).
77
Let x(s) = 2956*s - 14743. What is x(5)?
37
Let x(a) = -229*a**2 + 97*a - 96. Calculate x(1).
-228
Let f(k) = -6755*k - 2431816. Give f(-360).
-16
Let f(b) = -4*b**3 - 40*b**2 - 33*b + 81. Give f(-9).
54
Let u(f) = -137*f**2 - 1329*f + 411. What is u(-10)?
1
Let z(m) = m**3 + 41*m**2 + 380*m - 205. Give z(-15).
-55
Let h(k) = 2*k**3 + 422*k**2 - 17*k - 3579. Determine h(-211).
8
Let o(r) = -41*r**2 + 38*r + 26. Give o(2).
-62
Let t(y) = 24*y**2 + 1334*y - 506. Calculate t(-56).
54
Let q(m) = m**3 - 35*m**2 + 79*m + 434. Determine q(32).
-110
Let d(o) = 3901*o - 73. Give d(0).
-73
Let u(w) = -121*w**2 + 1426*w + 269. Give u(12).
-43
Let u(v) = 3094*v - 173125. Give u(56).
139
Let b(a) = 14*a**2 - 2120*a + 29372. What is b(136)?
-4
Let n(u) = 8578*u + 32986. Give n(-4).
-1326
Let w(x) = -13*x**2 + 118*x - 34. Give w(14).
-930
Let g(k) = 2*k**2 - 66632*k + 399712. Give g(6).
-8
Let w(o) = o**3 - 50*o**2 + 318*o + 435. Calculate w(42).
-321
Let b(l) = -l**3 - 18*l**2 - 138*l - 661. Determine b(-8).
-197
Let z(w) = -9*w**2 + 193*w + 2848. Determine z(-10).
18
Let s(l) = 301*l**2 + 5414*l + 32. Give s(-18).
104
Let n(h) = -98917*h - 593507. Calculate n(-6).
-5
Let f(l) = 3*l**2 + 3*l - 137. Determine f(12).
331
Let s(q) = 12419*q + 161439. What is s(-13)?
-8
Let w(d) = -d**2 + 638*d - 16103. Give w(26).
-191
Let i(s) = -261*s + 41810. What is i(160)?
50
Let j(l) = 4485*l + 655624. Give j(-146).
814
Let n(s) = -37*s**3 + 144*s**2 + 69*s - 221. Determine n(4).
-9
Let u(l) = -12776*l + 1175384. What is u(92)?
-8
Let j(v) = 1184*v + 43703. Calculate j(-37).
-105
Let x(n) = 2*n**3 - 24*n**2 + 40*n - 387. Give x(13).
471
Let a(d) = d**3 - 112*d**2 - 1632*d + 81. Give a(125).
-794
Let d(g) = 2*g**2 + 539. Give d(-14).
931
Let o(h) = 2582*h + 90401. Give o(-35).
31
Let p(k) = k**3 + 100*k**2 + 1547*k + 162. What is p(-19)?
10
Let h(i) = -8*i**3 + 218*i**2 - 95*i + 7. Calculate h(27).
-1100
Let o(q) = 6558*q + 6593. What is o(-1)?
35
Let i(m) = 18*m**2 + 1252*m - 38315. Calculate i(23).
3
Let u(v) = -160*v**2 + 1052*v - 16. Calculate u(7).
-492
Let s(r) = 59817*r - 4845180. Give s(81).
-3
Let l(w) = 1107*w + 141673. What is l(-128)?
-23
Let p(i) = 70*i**3 + 487*i**2 + 402*i + 2872. Calculate p(-7).
-89
Let f(s) = -s**2 + 278*s - 6536. What is f(26)?
16
Let w(i) = 16836*i - 17071. What is w(1)?
-235
Let x(s) = 5*s**3 - 47*s**2 - 3128*s + 28316. Calculate x(9).
2
Let g(a) = 2*a**2 - 138*a + 182. Give g(69).
182
Let c(w) = -2*w**3 + 618*w**2 - 602*w - 4304. What is c(308)?
8
Let o(p) = 7044*p + 2599240. Calculate o(-369).
4
Let m(q) = -26353*q - 1185725. Determine m(-45).
160
Let o(n) = n**3 + 115*n**2 - 648*n + 186. Calculate o(5).
-54
Let z(f) = 8*f**2 + 578*f + 2212. Give z(-68).
-100
Let n(m) = 4*m**2 + 244*m - 8194. Give n(24).
-34
Let p(d) = 35647*d + 249303. Determine p(-7).
-226
Let z(p) = -6732*p + 12219. Determine z(2).
-1245
Let h(b) = b**3 + 4*b**2 - 336*b + 947. Determine h(3).
2
Let n(m) = 5064*m + 131407. Calculate n(-26).
-257
Let z(y) = -329*y**2 - 4557*y + 684. Determine z(-14).
-2
Let g(v) = -11*v**3 + 15*v**2 + 1546*v + 6190. Determine g(-4).
950
Let z(f) = -225*f**2 + 2541*f + 13. What is z(11)?
739
Let v(o) = -1794*o + 12822. Determine v(7).
264
Let r(d) = -7*d**2 - 5969*d + 23980. Calculate r(4).
-8
Let k(t) = 5*t**2 - 7554*t + 75016. Determine k(10).
-24
Let x(t) = t**2 - 10442*t - 104508. Calculate x(-10).
12
Let n(t) = t**3 - 38*t**2 + 694*t - 24559. Calculate n(36).
-2167
Let v(o) = 35358*o + 10607401. Determine v(-300).
1
Let c(o) = 3*o**3 + 1029*o + 6736. What is c(-6)?
-86
Let d(m) = -m**2 + 227726*m - 455439. Calculate d(2).
9
Let i(d) = -14796*d - 74126. Determine i(-5).
-146
Let l(x) = 169*x - 5128. Determine l(30).
-58
Let p(l) = -3*l**2 + 10451*l + 41836. Calculate p(-4).
-16
Let k(p) = -9*p**3 + 1424*p**2 - 323*p + 1096. Calculate k(158).
-10
Let x(f) = 8*f**2 + 266*f - 1251. Determine x(5).
279
Let a(m) = 13*m**3 + 466*m**2 - 164*m - 3318. What is a(-36)?
-6
Let o(v) = -v**3 - 2*v**2 - 38*v + 532. Give o(9).
-701
Let o(x) = 4*x**2 - 355*x - 2735. Give o(97).
466
Let c(n) = -55582*n - 444669. What is c(-8)?
-13
Let h(g) = 3612*g - 863279. What is h(239)?
-11
Let m(v) = -v**2 - 16566*v + 414781. Calculate m(25).
6
Let c(a) = 993*a + 30844. What is c(-31)?
61
Let c(t) = t**2 + 114549*t + 2176074. Give c(-19).
4
Let c(l) = 572903*l + 4010266. Give c(-7).
-55
Let v(w) = -8*w**3 + 66*w**2 - 114*w + 31. What is v(6)?
-5
Let f(c) = -c**2 + 194*c - 4136. Calculate f(190).
-3376
Let i(f) = -f**2 - 541984*f - 9213425. Give i(-17).
14
Let v(d) = -268*d - 4465. Give v(-13).
-981
Let b(g) = -3*g**3 - 128*g**2 + 805*g - 13. Determine b(6).
-439
Let a(d) = 408*d**2 + 12650*d + 40. Determine a(-31).
-22
Let x(l) = 585*l - 14078. Give x(24).
-38
Let q(b) = b**3 + 58*b**2 - 30*b - 7982. Give q(-56).
-30
Let r(u) = -14*u**2 - 1168*u - 252. Calculate r(-83).
246
Let d(p) = 235*p + 782. What is d(-4)?
-158
Let q(m) = -5926*m + 3152630. Give q(532).
-2
Let f(p) = 6*p**3 + 121*p**2 + 270*p - 906. Determine f(-17).
-5
Let t(m) = 1253*m + 106497. Determine t(-85).
-8
Let k(q) = -101*q**2 + 5149*q + 61. Calculate k(51).
-41
Let y(l) = -2*l**2 - 25*l + 429. Give y(-39).
-1638
Let y(w) = w**3 + 26*w**2 - 1894*w + 27542. Calculate y(-63).
11
Let t(o) = -25996*o + 35. Give t(0).
35
Let a(m) = m**3 - 49*m**2 - 54*m - 8369. What is a(53)?
5
Let c(f) = 2*f**2 + 314*f + 12186. Determine c(-87).
6
Let t(m) = -48*m**2 - 623*m - 1012. Determine t(-11).
33
Let d(f) = -3*f**2 - 3573*f + 58077. What is d(16)?
141
Let o(w) = 67099*w + 3489151. Determine o(-52).
3
Let q(w) = -13*w**2 + 402*w - 2628. Calculate q(10).
92
Let x(w) = 11*w**2 + 315*w - 8358. Determine x(-45).
-258
Let q(z) = z**3 + 322*z**2 + 1281*z + 2963. Determine q(-318).
101
Let p(v) = -v**3 - 27*v**2 - 46*v + 921. What is p(-18)?
-1167
Let c(m) = -7354*m + 8530626. Calculate c(1160).
-14
Let u(t) = 2*t**3 + 171*t**2 - 192*t - 23541. Determine u(-85).
4
Let i(l) = l**3 - 236*l**2 - 2949*l + 9. Give i(-12).
-315
Let p(g) = -4425*g - 26550. Calculate p(-6).
0
Let w(r) = r**3 - 354*r**2 + 12840*r - 469. What is w(41)?
-182
Let k(n) = 9249*n + 64722. Determine k(-7).
-21
Let t(n) = 945*n - 285398. Calculate t(302).
-8
Let h(d) = -d**2 + 2032*d + 8117. What is h(-4)?
-27
Let b(y) = -y**3 - 61*y**2 - 170*y + 329. Give b(-58).
97
Let f(r) = -4386*r - 17663. Calculate f(-4).
-119
Let v(u) = -3369*u - 27182. What is v(-8)?
-230
Let u(m) = -78943*m + 6868056. Determine u(87).
15
Let d(h) = -276044*h + 4416703. Calculate d(16).
-1
Let o(m) = 10*m**3 - 89*m**2 + 231*m - 180. Determine o(5).
0
Let k(c) = 2*c**2 + 771*c + 63382. Give k(-119).
-45
Let k(s) = -s**3 - 131*s**2 + 264*s + 721. Give k(-133).
987
Let a(s) = 2491*s - 49832. Determine a(20).
-12
Let u(o) = -o**2 + 349*o - 26473. Calculate u(100).
-1573
Let q(t) = 79*t - 4267. What is q(65)?
868
Let u(i) = 53*i**2 + 2307*i + 21791. What is u(-14)?
-119
Let h(y) = 62*y**2 - 14*y - 446. Determine h(4).
490
Let s(w) = -110*w + 821. What is s(-5)?
1371
Let i(k) = k**3 + 407*k**2 + 30705*k + 508. What is i(-100)?
8
Let u(n) = 8*n**2 + 241*n - 6417. What is u(17)?
-8
Let y(v) = -v**3 - 12*v**2 + 999*v + 6037. Determine y(-6).
-173
Let h(b) = 10519*b - 263338. Calculate h(25).
-363
Let o(h) = -11*h**3 + 12243*h**2 - 15*h + 16699. What is o(1113)?
4
Let l(k) = 55*k + 657. Determine l(-4).
437
Let c(v) = v**3 - 5*v**2 - 36*v + 168. Determine c(0).
168
Let c(b) = -b**2 + 485*b + 7879. Calculate c(-17).
-655
Let r(h) = -h**3 - 36*h**2 - 179*h - 217. What is r(-4)?
-13
Let h(k) = -71*k + 11584. What is h(145)?
1289
Let y(d) = -8534*d**2 - 290154*d + 70. Calculate y(-34).
2
Let l(j) = -5*j**2 - 112*j + 66. Give l(-24).
-126
Let y(s) = -2*s**2 + 1053*s - 138428. Calculate y(273).
-17
Let b(s) = 34*s + 1760. Determine b(-53).
-42
Let y(l) = -1379*l**2 - 9677*l - 130. What is y(-7)?
38
Let m(s) = 3*s**2 - 583*s + 2942. Determine m(190).
472
Let o(b) = 624*b - 88019. Calculate o(141).
-35
Let d(x) = -876*x - 170824. Determine d(-195).
-4
Let d(o) = 2*o**3 - 200*o**2 - 250*o + 6604. What 